of 1285?
True
Does 277 divide 103827847?
False
Is 6 a factor of 57414318?
True
Does 16 divide 325500176?
True
Is 622 a factor of 298427571?
False
Is 217483296 a multiple of 2454?
True
Is 294481272 a multiple of 24?
True
Does 1574 divide 376098468?
False
Does 1759 divide 1232917008?
False
Is 340772 a multiple of 2?
True
Does 26 divide 2526674826?
True
Does 749 divide 179994080?
False
Is 1348 a factor of 842106384?
True
Does 40 divide 130666880?
True
Is 1203 a factor of 70630536?
True
Is 28 a factor of 77589792?
True
Does 56 divide 27517241?
False
Is 105 a factor of 210821233?
False
Is 2029032273 a multiple of 55?
False
Is 94904544 a multiple of 798?
True
Is 46 a factor of 77505495?
False
Is 159 a factor of 137426403?
True
Is 2801545208 a multiple of 154?
True
Is 20709002 a multiple of 16?
False
Is 19363481 a multiple of 22?
False
Is 8 a factor of 83549683?
False
Does 203 divide 30726981?
False
Is 18161033 a multiple of 583?
True
Does 1887 divide 32831913?
True
Is 213 a factor of 900360585?
True
Does 15 divide 15452149?
False
Is 1418 a factor of 185005042?
True
Does 800 divide 39719200?
True
Does 11 divide 28473496?
False
Is 269 a factor of 81649053?
False
Does 2484 divide 481037824?
False
Is 9615988 a multiple of 5?
False
Does 3 divide 1307145?
True
Is 17 a factor of 77825290?
False
Does 84 divide 128731295?
False
Does 49 divide 312528466?
False
Is 29 a factor of 15550322?
True
Is 29 a factor of 1481171656?
False
Is 1216666006 a multiple of 6?
False
Does 3246 divide 1618277405?
False
Is 106 a factor of 1856170059?
False
Is 1089753754 a multiple of 23?
True
Does 59 divide 30600410?
False
Is 22 a factor of 11373628?
False
Is 55755028 a multiple of 14?
True
Is 178 a factor of 891181948?
False
Does 6 divide 72980814?
True
Is 657383133 a multiple of 649?
True
Is 146711700 a multiple of 1290?
True
Does 2979 divide 176243598?
True
Is 844238430 a multiple of 1890?
True
Is 366328696 a multiple of 344?
True
Does 211 divide 2022207592?
False
Is 114596625 a multiple of 75?
True
Does 2 divide 3460601?
False
Is 71284655 a multiple of 61?
False
Is 1435850085 a multiple of 2472?
False
Is 3306 a factor of 94217694?
True
Is 385012452 a multiple of 977?
False
Is 8 a factor of 13383653?
False
Does 14 divide 12511016?
True
Does 779 divide 2021039799?
False
Is 408167547 a multiple of 913?
False
Is 234 a factor of 127213135?
False
Is 68 a factor of 201424228?
True
Does 164 divide 6210352?
True
Is 6 a factor of 87468011?
False
Is 371344664 a multiple of 38?
True
Does 79 divide 51280164?
True
Does 6968 divide 488426054?
False
Does 11914 divide 4759626310?
False
Is 2971 a factor of 702534544?
True
Does 5 divide 69915?
True
Does 586 divide 697594776?
False
Does 11 divide 41460548?
False
Is 369278666 a multiple of 11?
False
Does 1146 divide 125872601?
False
Does 3 divide 94106738?
False
Does 5502 divide 5334445888?
False
Is 65 a factor of 137055238?
False
Does 95 divide 6147925?
True
Does 191 divide 125402?
False
Does 31 divide 4196687?
True
Is 1342963060 a multiple of 485?
True
Does 45 divide 20971278?
False
Does 331 divide 582171406?
True
Does 544 divide 30547776?
True
Is 922822996 a multiple of 44?
False
Does 94 divide 725128220?
True
Is 12 a factor of 44215091?
False
Is 3044277969 a multiple of 17?
False
Is 7 a factor of 212551692?
False
Does 379 divide 5016560732?
True
Is 115990440 a multiple of 66?
False
Does 3 divide 19109748?
True
Is 627334950 even?
True
Is 2131280457 a multiple of 339?
True
Is 205099690 a multiple of 202?
True
Is 174614211 a multiple of 8?
False
Is 3 a factor of 6088572?
True
Is 441510960 a multiple of 1320?
True
Is 593628938 even?
True
Is 78 a factor of 427062734?
False
Does 190 divide 45190229?
False
Is 374162490 a multiple of 117?
True
Does 603 divide 456824961?
True
Does 97 divide 167567710?
False
Is 1291 a factor of 154353652?
False
Is 302 a factor of 37408904?
False
Is 538104410 a multiple of 13?
False
Is 1005833010 a multiple of 23?
True
Is 269258225 a multiple of 25?
True
Does 4724 divide 1046356552?
True
Does 39 divide 35548723?
False
Is 174 a factor of 35195273?
False
Is 94508187 a multiple of 44?
False
Is 36 a factor of 243419305?
False
Is 234370503 a multiple of 118?
False
Is 66 a factor of 145957284?
True
Does 17 divide 2575027723?
True
Is 2194 a factor of 123792479?
False
Is 6 a factor of 1100016?
True
Is 48 a factor of 2720574068?
False
Does 108 divide 70622607?
False
Does 77 divide 586614490?
True
Is 16170444 a multiple of 217?
False
Does 28 divide 427973234?
False
Is 443 a factor of 25134476?
False
Is 7 a factor of 77619815?
True
Is 41728266 a multiple of 9?
True
Is 28 a factor of 17311445?
False
Does 71 divide 1579511798?
False
Does 70 divide 2665064?
False
Is 19548674 a multiple of 1171?
True
Does 362 divide 91461110?
True
Is 1900678 a multiple of 635?
False
Is 134 a factor of 175597659?
False
Does 6 divide 203898174?
True
Does 158 divide 190406906?
True
Does 138 divide 779051016?
False
Is 7 a factor of 281539013?
True
Is 7426021869 a multiple of 763?
True
Is 211 a factor of 1134558499?
False
Is 131 a factor of 18666583?
True
Is 2394767424 a multiple of 64?
True
Is 3627983821 a multiple of 161?
True
Is 957 a factor of 17660478?
True
Is 111 a factor of 12065535?
False
Is 77 a factor of 9043188?
True
Is 26141206 a multiple of 98?
True
Is 113 a factor of 32079288?
False
Is 86350579 a multiple of 23?
True
Is 33573972 a multiple of 3?
True
Is 1078072318 a multiple of 1228?
False
Is 36 a factor of 12545697?
False
Is 551064976 a multiple of 191?
False
Is 45289190 a multiple of 85?
True
Is 6665 a factor of 4027052985?
True
Is 298455024 a multiple of 37?
True
Is 7332632 a multiple of 152?
True
Is 217 a factor of 323594740?
True
Is 280870754 a multiple of 250?
False
Is 696015051 a multiple of 29?
True
Is 771 a factor of 102899165?
False
Is 3705513276 a multiple of 8?
False
Is 101757665 a multiple of 145?
True
Does 128 divide 38507204?
False
Does 138 divide 29762736?
True
Does 10 divide 1165473980?
True
Is 844 a factor of 154111426?
False
Is 20600816 a multiple of 4?
True
Is 240 a factor of 34168776?
False
Is 878 a factor of 24185015?
False
Is 1844596948 a multiple of 1997?
True
Is 10 a factor of 863933100?
True
Does 543 divide 917544235?
False
Does 789 divide 157359738?
True
Does 6 divide 2504646?
True
Does 62 divide 331279268?
True
Is 37336602 a multiple of 1088?
False
Is 5 a factor of 219990420?
True
Is 240759372 a multiple of 3072?
False
Does 10 divide 38914310?
True
Does 4086 divide 530718282?
True
Is 776 a factor of 24356638?
False
Is 63988160 a multiple of 4?
True
Is 516735345 a multiple of 31?
False
Is 39007332 a multiple of 78?
True
Is 178223857 a multiple of 37?
True
Is 58 a factor of 50141174?
True
Is 154 a factor of 262108?
True
Is 27 a factor of 1476828966?
False
Does 250 divide 46488250?
True
Does 111 divide 55330866?
False
Does 634 divide 16400312?
True
Is 51 a factor of 6408305?
False
Is 293 a factor of 6414857?
False
Is 503318920 a multiple of 4685?
True
Is 80 a factor of 1570311349?
False
Is 1128270776 a multiple of 17?
False
Does 1197 divide 656098443?
True
Is 101 a factor of 1767953369?
False
Does 3373 divide 15512427?
True
Does 14 divide 1222174392?
False
Is 42 a factor of 52056416?
False
Does 53 divide 18248566?
False
Is 638563878 a multiple of 9?
True
Does 15953 divide 3993083759?
True
Is 185677763 a multiple of 20?
False
Does 495 divide 651875895?
True
Is 8638780 a multiple of 1180?
True
Is 27 a factor of 192256038?
True
Is 44611374 a multiple of 183?
True
Is 2685 a factor of 919080870?
True
Does 205 divide 12954678?
False
Does 157 divide 20830983?
False
Is 5878479420 a multiple of 7703?
False
Is 57 a factor of 12238641?
True
Is 907 a factor of 12031355?
True
Is 9 a factor of 62862993?
True
Does 174 divide 1858279806?
True
Does 4190 divide 557482419?
False
Is 131 a factor of 88384259?
True
Is 98 a factor of 572564706?
True
Does 398 divide 41549999?
False
Is 88 a factor of 47826227?
False
Does 651 divide 1315172797?
False
Is 473 a factor of 1078331482?
False
Is 192524575 a multiple of 105?
False
Is 4510814 a multiple of 2618?
True
Is 137 a factor of 508570769?
False
Is 3583836 a multiple of 87?
False
Is 963 a factor of 84775779?
True
Is 103 a factor of 73131648?
True
Does 147 divide 1998318?
True
Does 4 divide 